 (-2)/(1*1/(-40)). Let n = 38 + -17. Let w be 216/n - 2/7. What is the greatest common divisor of w and x?
10
Suppose -41*r + 36*r = -3*w - 400, 5*r - 400 = -3*w. Calculate the highest common factor of r and 16.
16
Suppose -6*d - 8 = -32. Let q be 62 + d/(4 - 5). Calculate the greatest common divisor of 29 and q.
29
Let x(q) = 25*q + 644. Let g be x(-25). Calculate the greatest common factor of g and 551.
19
Let b(c) = -7 - 8*c + 3*c**3 + 0*c - 5*c**3 - 5*c**2 - c**2. Let w be b(-5). Suppose -373 = -5*u - w. What is the greatest common divisor of 16 and u?
16
Suppose n - 20 = 2*o, -2*o = n + o. Suppose -n*w = -15*w + 96. What is the greatest common factor of 32 and w?
32
Suppose 119*q - 8234 = 15*q - 75*q. Let w be (138/(-4))/(1/(-2)). What is the highest common factor of q and w?
23
Let d be (51/(-3) + -2)*-1. Let b(q) = -q**2 - q + 171. Let z = 5 + -5. Let n be b(z). Calculate the highest common factor of n and d.
19
Suppose -r - 3*y = -7 - 25, 4*r + 5*y = 100. What is the highest common factor of r and 92?
4
Let v be 6*70/4*12/45. Calculate the greatest common factor of 854 and v.
14
Suppose -2*r - 12 = -4*h, -3*r - 3*h = r - 31. What is the highest common factor of 126 and r?
2
Suppose 8 = -2*q, 63 = 2*t + 5*q - 71. Calculate the highest common factor of t and 28.
7
Let o be (17 - 16)/((-3)/(-9)). What is the greatest common factor of o and 111?
3
Let y(n) = 33*n - 1. Let u be y(3). Let i be u*(3 + 7/(-2)). Let c = 81 + i. Calculate the highest common divisor of c and 8.
8
Let p be (-4)/(-14) + (-2)/7. Suppose 20*c - 23 = 19*c. Suppose p + c = u. What is the greatest common divisor of u and 69?
23
Suppose 2*d - 68 = -5*l + 91, -l = -d + 69. What is the greatest common factor of 396 and d?
36
Let j be (0 - 3)*(-39)/3. Calculate the greatest common factor of j and 39.
39
Let v be (1/(-2))/((-49)/48314). Calculate the highest common factor of 17 and v.
17
Let p(z) = z**3 + 6*z**2 + 3*z - 7. Let q be p(-5). Suppose 0 = -3*n - q, 4*y - 2*n - 67 = 47. What is the greatest common factor of 4 and y?
4
Let u = -672 - -687. Calculate the greatest common factor of 6015 and u.
15
Suppose h = -5*m + 6190 + 2555, 0 = 2*m + 2*h - 3506. Calculate the highest common divisor of 76 and m.
76
Let w = 1193 + -1189. What is the highest common divisor of w and 270?
2
Let z = 35 - -6. Suppose -2*k + 31 = 2*o - 75, -3*o = -2*k - 134. Let w be (36/3)/(2/o) + -1. What is the highest common divisor of z and w?
41
Suppose q + 0*q - 3*v = 32, -5*q = 5*v - 160. What is the greatest common factor of 1024 and q?
32
Let w(l) = 71*l + 97. Let u be w(-1). Calculate the highest common factor of u and 2.
2
Let u = 90 + -38. Suppose 3*n = 2*p + 4*n - 43, 3*p = -4*n + u. Let x = -19 + 43. What is the greatest common divisor of x and p?
24
Let q = 404 + -245. Suppose 0 = 40*b + 15*b - 4141 - 1689. What is the greatest common divisor of q and b?
53
Let t(k) = -2*k + 3*k + 0*k + 4. Let i be t(-4). Suppose i = -0*c + 4*c + 12, -477 = -4*u + 3*c. What is the highest common factor of 13 and u?
13
Suppose 2*v + 50 = 5*z + 378, -z - 692 = -4*v. What is the greatest common divisor of v and 290?
58
Suppose 0 = 20*o - 1981 - 5859. What is the greatest common divisor of 112 and o?
56
Suppose 0 = -19*l + 26*l - 105. Let i be l/(-75) - 811/(-5). Calculate the greatest common divisor of i and 18.
18
Let c = -92 - -188. Calculate the greatest common factor of c and 48.
48
Let q(p) = -p**3 - 6*p**2 - p - 3. Let z = 3 - 9. Let c be q(z). Let s = 75 + c. What is the highest common factor of 13 and s?
13
Let y(j) = -2*j + 60. Let b(z) = z**2 - 2*z + 60. Let w(n) = -3*b(n) + 4*y(n). Let v be w(0). Calculate the highest common factor of v and 12.
12
Let r = 47 - 41. Suppose 0 = -5*d + 167 + 133. Calculate the greatest common divisor of r and d.
6
Suppose 292 = -3*y + 418. Calculate the greatest common factor of y and 98.
14
Let c(i) be the second derivative of 0 - 1/20*i**5 - 19/12*i**4 - 23/2*i**2 - 1/3*i**3 - 9*i. Let j be c(-19). What is the highest common divisor of j and 3?
3
Suppose -v + 10 + 4 = 0. Calculate the highest common divisor of v and 35.
7
Suppose -8*x = -41 - 71. Suppose 2*n - x = -2*f, 3*f = 1 + 2. What is the highest common factor of 66 and n?
6
Suppose -32*k + 3015 + 11321 = 0. Calculate the greatest common divisor of k and 160.
32
Let x = -34 + 27. Let s be 12 + -9 + (0/1 - x). Suppose -4*y - 59 = -179. Calculate the greatest common divisor of s and y.
10
Suppose 0 = -2*i - 3*f + 291, 5*i - 4*f = 525 + 191. Let v be (i/10)/(1 - 4/5). Calculate the greatest common factor of 18 and v.
18
Let h be (-6*(-675)/(-20))/((-2)/4). What is the highest common divisor of 15 and h?
15
Let p(c) = -c**3 + c**2 - c - 1. Let n be p(-2). Let q be (-1804)/(-8) - 3/(-2). Let z = q - 84. What is the greatest common divisor of z and n?
13
Suppose 5*w - 8 = 7, 4*a = -3*w - 55. Let b(v) = -2*v - 28. Let o be b(a). Calculate the greatest common divisor of o and 4.
4
Suppose -651 = -3*u + 5*o + 821, -4*u = -4*o - 1952. What is the greatest common factor of 44 and u?
44
Let x be 7 - 0/(-3 - -1). Let n = 98 - 63. What is the greatest common divisor of n and x?
7
Let w(t) = t**3 + 6*t**2 + 5*t + 6. Let g be w(-5). Let k(a) = 29*a - 82. Let n be k(3). Let j = n + g. Calculate the highest common factor of 77 and j.
11
Let r be (4/6 + 4)*12. Let o = 378 - 52. Let l = -186 + o. What is the highest common factor of l and r?
28
Suppose 605 = 27*f - 1015. Calculate the highest common factor of f and 20.
20
Let s(t) = -t**2 - 2*t - 10. Let y be s(5). Let l = y + 51. Calculate the highest common factor of l and 30.
6
Suppose -v = -2*b - 62, 41 = 2*v + 3*b - 62. What is the highest common divisor of v and 42?
14
Let s be (120/16)/((-3)/(-38)). What is the greatest common divisor of s and 57?
19
Suppose 43 = 3*v - 5. Suppose 0*c + 60 = 5*c. Suppose -60 = -v*s + c*s. What is the greatest common factor of 165 and s?
15
Let g(d) = 3*d**2 - 6*d + 3. Let w be g(4). Let b be (-3330)/w + 4/(-6). Let q = b + 184. What is the highest common divisor of q and 24?
12
Let u = -119 + 124. Calculate the highest common divisor of u and 235.
5
Let x = 892 - 431. Suppose 89 = 10*v - x. What is the highest common factor of v and 22?
11
Suppose -18*x - 2*x = -1720. Calculate the highest common factor of x and 43.
43
Let d(l) = -l**3 - 43*l**2 - 81*l + 68. Let u be d(-41). Calculate the highest common divisor of 432 and u.
27
Suppose -6*m + 12*m - 2496 = 0. Let o = m + -248. Calculate the greatest common divisor of o and 21.
21
Suppose 4*n - 4*g + 15 = -33, -2*n + 4*g = 28. Let s(r) = 2*r + 22. Let z be s(n). Let v be z/10 - (-16712)/40. Calculate the highest common factor of 38 and v.
38
Suppose -2*r - 6 = -2*i, -4*i + 11 - 1 = -5*r. Let f(p) = 3*p**3 - p**2 + 3. Let y be f(r). Calculate the highest common divisor of y and 46.
23
Suppose 0 = 198*p - 200*p + 60. Let m = -19 + p. Calculate the greatest common divisor of 231 and m.
11
Let c = -666 + 699. Let p be 2/(-10) - (-1)/5. Let j = p - -3. What is the greatest common factor of c and j?
3
Let y(w) be the first derivative of -w**2/2 + 12*w + 27. Let h be y(5). Calculate the highest common factor of 7 and h.
7
Let o(a) = a**3 - 3*a**2 - 6*a - 5. Let u be o(-4). Let s = u - -133. Let q be (0 - 0 - -1) + 15. Calculate the greatest common divisor of s and q.
8
Suppose 11*r = 14312 + 8524. What is the highest common factor of r and 12?
12
Suppose 0 = 3*j - 4*j + 2. Suppose 6*r - j*r + 272 = 4*q, 3*r = 2*q - 208. Let y = r - -132. What is the greatest common divisor of 30 and y?
30
Suppose 0 = -2*f - 2*w + 4, -f - 3 = -2*w - 8. Let k be f - (24/(-1) + 1/(-1)). Calculate the greatest common factor of k and 7.
7
Let m = 1984 + -1962. Suppose 0 = 5*s - 2*s - 462. What is the greatest common factor of s and m?
22
Let t be (15/(-6) - 1)*48/(-28). Suppose -2*u + 342 - 78 = -2*g, 0 = 4*u + g - 543. Let p be (2/t)/(5/u). What is the greatest common factor of p and 54?
9
Suppose 5*r - r + 24 = 0. Let c(q) = q**2 + 4*q - 5. Let p be c(r). Let o(w) = 9*w + 22. Let u be o(3). Calculate the greatest common factor of p and u.
7
Let i = -3 - -15. Let r be (-469)/(-3) - (-4)/(-36)*3. Calculate the greatest common divisor of r and i.
12
Suppose 3*v - 4*i = 152, -2*i + 182 = 4*v + 3*i. Suppose 46*u + 36 